prime?
False
Is 2549537693 prime?
True
Is 41423418167 a prime number?
True
Is 9489788449 composite?
False
Is 11635697771 prime?
True
Is 5455155269 prime?
False
Is 2250605759 prime?
True
Is 3402834409 a composite number?
True
Is 15065716301 prime?
True
Is 135636791 prime?
True
Is 1374576377 composite?
True
Is 5680351243 a prime number?
False
Is 125541010769 prime?
True
Is 39147329659 a composite number?
False
Is 168765617 a prime number?
True
Is 40352969051 prime?
False
Is 32996457349 composite?
True
Is 1030894847 composite?
False
Is 389285293 prime?
False
Is 1429719437 a prime number?
True
Is 1977815173 a composite number?
True
Is 19691295361 a composite number?
False
Is 16731390943 composite?
False
Is 1731468889 composite?
False
Is 7975981499 a prime number?
False
Is 866623543 composite?
False
Is 9171273383 a prime number?
True
Is 75534496211 composite?
True
Is 17161789583 a prime number?
True
Is 483130817 a prime number?
False
Is 14597267441 a prime number?
False
Is 168535267 a prime number?
True
Is 1783127309 a composite number?
False
Is 5541467693 a composite number?
True
Is 1703215117 prime?
False
Is 368764733 a composite number?
False
Is 488406032297 a composite number?
False
Is 181803263 composite?
True
Is 36371520187 prime?
True
Is 2212100887 a composite number?
True
Is 20073147377 a prime number?
True
Is 444415051 a prime number?
True
Is 656351153 a composite number?
True
Is 1817675153 a composite number?
True
Is 4037922467 prime?
False
Is 87779614687 composite?
True
Is 23395524331 prime?
True
Is 179011727 a composite number?
True
Is 586992629 a prime number?
False
Is 46015181 a composite number?
False
Is 6917215159 composite?
True
Is 546671999 a composite number?
False
Is 2975852569 composite?
True
Is 790254482 composite?
True
Is 884575238 a prime number?
False
Is 607408723 a composite number?
False
Is 2195594563 a composite number?
False
Is 5811448651 a composite number?
False
Is 256684417 a composite number?
True
Is 8164832083 a prime number?
True
Is 28425755509 a prime number?
False
Is 2963219791 composite?
True
Is 9876445213 a composite number?
False
Is 9337041673 prime?
True
Is 22347216929 a prime number?
False
Is 125496892501 prime?
False
Is 521419421 prime?
True
Is 10334482967 composite?
False
Is 827347093 a composite number?
False
Is 1312443739 a prime number?
False
Is 19521508991 prime?
False
Is 27117121 prime?
True
Is 18723511133 a prime number?
False
Is 2379906811 a prime number?
True
Is 22256385761 a prime number?
False
Is 22656859457 a composite number?
False
Is 3636836461 a prime number?
True
Is 16724882087 composite?
True
Is 29146207 a composite number?
False
Is 949039331 composite?
True
Is 9896013187 composite?
False
Is 14204666089 a prime number?
True
Is 6567938759 composite?
True
Is 48776048137 a composite number?
True
Is 3840326387 prime?
False
Is 903216711 composite?
True
Is 131802113 a prime number?
False
Is 2775529721 prime?
True
Is 14727997541 prime?
False
Is 10640997977 a prime number?
True
Is 11284285889 a composite number?
True
Is 309804837 a composite number?
True
Is 591448601 a prime number?
False
Is 430998767 a composite number?
True
Is 120091585 a prime number?
False
Is 537612653 a composite number?
False
Is 3798247891 prime?
True
Is 10955352427 composite?
True
Is 25031566201 prime?
False
Is 3877073339 a composite number?
False
Is 273893179 prime?
False
Is 4186117879 a prime number?
False
Is 123488621 composite?
True
Is 4886896369 a prime number?
False
Is 24214400593 composite?
False
Is 3249724561 a composite number?
False
Is 18668417267 prime?
True
Is 58934099333 a composite number?
False
Is 541657873 prime?
True
Is 6588438733 composite?
False
Is 476442893 a prime number?
True
Is 20975533 a prime number?
True
Is 9788242537 composite?
False
Is 1835387434 a prime number?
False
Is 1784771753 a composite number?
False
Is 98058613 a composite number?
False
Is 164675629 a composite number?
False
Is 1837512041 a composite number?
False
Is 21674060669 prime?
False
Is 4084220999 a prime number?
True
Is 3037293607 composite?
False
Is 1085320289 prime?
True
Is 11220249253 composite?
False
Is 38486825617 a composite number?
True
Is 17022067193 a composite number?
False
Is 17130533059 prime?
True
Is 1640661707 prime?
True
Is 74357033 prime?
False
Is 1250977679 a composite number?
True
Is 213662873 a composite number?
False
Is 5774657507 a composite number?
True
Is 205036939 a composite number?
False
Is 529766551 prime?
True
Is 543405367 a prime number?
True
Is 2388760471 a prime number?
True
Is 148339957 a composite number?
False
Is 7801357067 composite?
True
Is 402948473 prime?
True
Is 59844417161 prime?
False
Is 1165153513 a prime number?
False
Is 3108633071 a composite number?
False
Is 3719014771 prime?
True
Is 74664477919 prime?
False
Is 151886737 a prime number?
False
Is 18557753593 prime?
True
Is 16348874459 prime?
False
Is 1823850095 prime?
False
Is 72861910421 composite?
True
Is 1698412733 a prime number?
True
Is 2098504051 a composite number?
True
Is 67938659497 a composite number?
True
Is 379653427 composite?
False
Is 160388773 a prime number?
False
Is 5731092215 composite?
True
Is 2248461893 composite?
False
Is 2269308329 a prime number?
False
Is 141206137 prime?
False
Is 3003048431 prime?
True
Is 9735946627 composite?
True
Is 2898732257 composite?
False
Is 44783496533 a prime number?
True
Is 68737399859 composite?
False
Is 8333432313 a composite number?
True
Is 1794452591 prime?
True
Is 420023323 a prime number?
True
Is 134346187 a prime number?
False
Is 19636655543 a composite number?
False
Is 12343149941 prime?
True
Is 104648147 composite?
False
Is 27276979981 a composite number?
False
Is 302064929 a composite number?
True
Is 774727017 a composite number?
True
Is 11962071787 a prime number?
False
Is 18456854327 prime?
False
Is 794675221 a composite number?
False
Is 31155413 composite?
False
Is 1649136477 composite?
True
Is 539940367 composite?
True
Is 23675387189 a prime number?
False
Is 57241536857 prime?
True
Is 89289715351 prime?
False
Is 93208722857 composite?
False
Is 811420871 a composite number?
False
Is 5315462177 prime?
True
Is 106698829 composite?
False
Is 20783769179 prime?
True
Is 8433651857 prime?
False
Is 630273541 a prime number?
True
Is 76920071399 prime?
False
Is 6017621081 composite?
True
Is 29830418447 a prime number?
True
Is 8031229457 composite?
False
Is 9824053877 composite?
True
Is 15371426203 composite?
True
Is 17949773953 a prime number?
True
Is 2022645773 prime?
False
Is 322179266921 a prime number?
False
Is 151564867 a prime number?
True
Is 682061147 composite?
True
Is 37836031 prime?
False
Is 10098254297 prime?
True
Is 499590193 prime?
False
Is 98872231219 a prime number?
False
Is 2206364027 prime?
False
Is 1561846007 a composite number?
False
Is 1641109997 a composite number?
False
Is 9817066247 a composite number?
True
Is 3560271277 a prime number?
True
Is 4799758373 a prime number?
True
Is 48220307 a prime number?
True
Is 42852250711 prime?
False
Is 23333949359 composite?
True
Is 47619462511 prime?
True
Is 53377534939 a composite number?
False
Is 7518460622 a composite number?
True
Is 71322677 a composite number?
False
Is 1983002506 composite?
True
Is 51459484913 a prime number?
False
Is 37497857 a prime number?
True
Is 63646804163 a composite number?
False
Is 2139012263 a prime number?
False
Is 3217488683 prime?
True
Is 19092736219 composite?
True
Is 5327549803 prime?
True
Is 9156210983 a composite number?
False
Is 52006649789 a composite number?
False
Is 934167239 a composite number?
False
Is 1802682961 prime?
True
Is 15768198631 a composite number?
False
Is 82320257 composite?
True
Is 3203494277 composite?
True
Is 381526270393 a composite number?
True
Is 714250703 prime?
True
Is 7934410829 a composite number?
False
Is 100790717 a composite number?
False
Is 2329005257 a prime number?
True
Is 6583062917 prime?
True
Is 16135967693 a composite number?
False
Is 3226843067 a composite number?
True
Is 6648230954 a composite number?
True
Is 76941619 a prime number?
True
Is 525993733 a prime number?
True
Is 4303287643 composite?
True
Is 317559313 a prime number?
True
Is 648063040255 prime?
False
Is 73158074531 a composite number?
False
Is 440191547 composite?
True
Is 82824